{"id":471,"date":"2024-10-28T19:54:51","date_gmt":"2024-10-28T18:54:51","guid":{"rendered":"https:\/\/nieruchomosci-boks.pl\/premium\/?page_id=471"},"modified":"2024-10-29T10:47:48","modified_gmt":"2024-10-29T09:47:48","slug":"polityka-cookies","status":"publish","type":"page","link":"https:\/\/nieruchomosci-boks.pl\/premium\/polityka-cookies\/","title":{"rendered":"Polityka cookies"},"content":{"rendered":"\n<h4 class=\"wp-block-heading has-text-align-center\"><strong>\u00a7 1<\/strong><\/h4>\n\n\n\n<h5 class=\"wp-block-heading has-text-align-center\"><strong>Pliki cookies<\/strong><\/h5>\n\n\n\n<p>Strona korzysta z plik\u00f3w cookies. Pliki cookies (tzw. \u201eciasteczka\u201d) stanowi\u0105 dane informatyczne (w szczeg\u00f3lno\u015bci pliki tekstowe), kt\u00f3re przechowywane s\u0105 w urz\u0105dzeniu ko\u0144cowym U\u017cytkownika (przegl\u0105darce) i przeznaczone s\u0105 do korzystania ze stron internetowych. Cookies zazwyczaj zawieraj\u0105 nazw\u0119 strony internetowej, z kt\u00f3rej pochodz\u0105, czas przechowywania ich na urz\u0105dzeniu ko\u0144cowym oraz unikalny numer.<\/p>\n\n\n\n<h4 class=\"wp-block-heading has-text-align-center\"><strong>\u00a7 2<\/strong><\/h4>\n\n\n\n<h5 class=\"wp-block-heading has-text-align-center\"><strong>Zarz\u0105dzanie plikami Cookiem<\/strong><strong><\/strong><\/h5>\n\n\n\n<p>Kiedy U\u017cytkownik odwiedza stron\u0119 po raz pierwszy, poka\u017ce si\u0119 wyskakuj\u0105ce okienko z wyja\u015bnieniem dotycz\u0105cym plik\u00f3w cookies. Po klikni\u0119ciu przycisku \u201eAkceptuj\u0119\u201d U\u017cytkownik wyra\u017ca zgod\u0119 na wszystkie pliki cookies u\u017cywane na stronie. Po klikni\u0119ciu przycisku \u201eZapisz preferencje\u201d U\u017cytkownik wyra\u017ca zgod\u0119 na u\u017cywanie kategorii plik\u00f3w cookies i wtyczek wybranych w wyskakuj\u0105cym okienku. Oprogramowanie do przegl\u0105dania stron internetowych (przegl\u0105darka internetowa) zazwyczaj domy\u015blnie dopuszcza przechowywanie plik\u00f3w cookies w urz\u0105dzeniu ko\u0144cowym U\u017cytkownika. U\u017cytkownicy Strony mog\u0105 dokona\u0107 zmiany ustawie\u0144 w tym zakresie. Przegl\u0105darka internetowa umo\u017cliwia usuni\u0119cie plik\u00f3w cookies. Mo\u017cliwe jest tak\u017ce automatyczne blokowanie plik\u00f3w cookies. Szczeg\u00f3\u0142owe informacje na ten temat zawiera pomoc lub dokumentacja przegl\u0105darki internetowej. Ograniczenia stosowania plik\u00f3w cookies mog\u0105 wp\u0142yn\u0105\u0107 na niekt\u00f3re funkcjonalno\u015bci dost\u0119pne na Stronie.<\/p>\n","protected":false},"excerpt":{"rendered":"<p>\u00a7 1 Pliki cookies Strona korzysta z plik\u00f3w cookies. Pliki cookies (tzw. \u201eciasteczka\u201d) stanowi\u0105 dane informatyczne (w szczeg\u00f3lno\u015bci pliki tekstowe), kt\u00f3re przechowywane s\u0105 w urz\u0105dzeniu ko\u0144cowym U\u017cytkownika (przegl\u0105darce) i przeznaczone s\u0105 do korzystania ze stron internetowych. Cookies zazwyczaj zawieraj\u0105 nazw\u0119 strony internetowej, z kt\u00f3rej pochodz\u0105, czas przechowywania ich na urz\u0105dzeniu ko\u0144cowym oraz unikalny numer. \u00a7 [&hellip;]<\/p>\n","protected":false},"author":1,"featured_media":0,"parent":0,"menu_order":0,"comment_status":"closed","ping_status":"closed","template":"","meta":{"_acf_changed":false,"footnotes":""},"class_list":["post-471","page","type-page","status-publish","hentry"],"acf":[],"yoast_head":"<!-- This site is optimized with the Yoast SEO plugin v26.3 - https:\/\/yoast.com\/wordpress\/plugins\/seo\/ -->\n<title>Polityka cookies - Bok\u015b Nieruchomo\u015bci Premium<\/title>\n<meta name=\"robots\" content=\"index, follow, max-snippet:-1, max-image-preview:large, max-video-preview:-1\" \/>\n<link rel=\"canonical\" href=\"https:\/\/nieruchomosci-boks.pl\/premium\/polityka-cookies\/\" \/>\n<meta property=\"og:locale\" content=\"pl_PL\" \/>\n<meta property=\"og:type\" content=\"article\" \/>\n<meta property=\"og:title\" content=\"Polityka cookies - Bok\u015b Nieruchomo\u015bci Premium\" \/>\n<meta property=\"og:description\" content=\"\u00a7 1 Pliki cookies Strona korzysta z plik\u00f3w cookies. Pliki cookies (tzw. \u201eciasteczka\u201d) stanowi\u0105 dane informatyczne (w szczeg\u00f3lno\u015bci pliki tekstowe), kt\u00f3re przechowywane s\u0105 w urz\u0105dzeniu ko\u0144cowym U\u017cytkownika (przegl\u0105darce) i przeznaczone s\u0105 do korzystania ze stron internetowych. Cookies zazwyczaj zawieraj\u0105 nazw\u0119 strony internetowej, z kt\u00f3rej pochodz\u0105, czas przechowywania ich na urz\u0105dzeniu ko\u0144cowym oraz unikalny numer. \u00a7 [&hellip;]\" \/>\n<meta property=\"og:url\" content=\"https:\/\/nieruchomosci-boks.pl\/premium\/polityka-cookies\/\" \/>\n<meta property=\"og:site_name\" content=\"Bok\u015b Nieruchomo\u015bci Premium\" \/>\n<meta property=\"article:publisher\" content=\"https:\/\/www.facebook.com\/profile.php?id=100063715336999\" \/>\n<meta property=\"article:modified_time\" content=\"2024-10-29T09:47:48+00:00\" \/>\n<meta property=\"og:image\" content=\"https:\/\/nieruchomosci-boks.pl\/premium\/wp-content\/uploads-webpc\/uploads\/sites\/2\/2024\/11\/466037807_1076336834500151_408388554571835424_n.png.webp\" \/>\n\t<meta property=\"og:image:width\" content=\"1024\" \/>\n\t<meta property=\"og:image:height\" content=\"576\" \/>\n\t<meta property=\"og:image:type\" content=\"image\/png\" \/>\n<meta name=\"twitter:card\" content=\"summary_large_image\" \/>\n<meta name=\"twitter:label1\" content=\"Szacowany czas czytania\" \/>\n\t<meta name=\"twitter:data1\" content=\"1 minuta\" \/>\n<script type=\"application\/ld+json\" class=\"yoast-schema-graph\">{\"@context\":\"https:\/\/schema.org\",\"@graph\":[{\"@type\":\"WebPage\",\"@id\":\"https:\/\/nieruchomosci-boks.pl\/premium\/polityka-cookies\/\",\"url\":\"https:\/\/nieruchomosci-boks.pl\/premium\/polityka-cookies\/\",\"name\":\"Polityka cookies - Bok\u015b Nieruchomo\u015bci Premium\",\"isPartOf\":{\"@id\":\"https:\/\/nieruchomosci-boks.pl\/premium\/#website\"},\"datePublished\":\"2024-10-28T18:54:51+00:00\",\"dateModified\":\"2024-10-29T09:47:48+00:00\",\"breadcrumb\":{\"@id\":\"https:\/\/nieruchomosci-boks.pl\/premium\/polityka-cookies\/#breadcrumb\"},\"inLanguage\":\"pl-PL\",\"potentialAction\":[{\"@type\":\"ReadAction\",\"target\":[\"https:\/\/nieruchomosci-boks.pl\/premium\/polityka-cookies\/\"]}]},{\"@type\":\"BreadcrumbList\",\"@id\":\"https:\/\/nieruchomosci-boks.pl\/premium\/polityka-cookies\/#breadcrumb\",\"itemListElement\":[{\"@type\":\"ListItem\",\"position\":1,\"name\":\"Strona g\u0142\u00f3wna\",\"item\":\"https:\/\/nieruchomosci-boks.pl\/premium\/\"},{\"@type\":\"ListItem\",\"position\":2,\"name\":\"Polityka cookies\"}]},{\"@type\":\"WebSite\",\"@id\":\"https:\/\/nieruchomosci-boks.pl\/premium\/#website\",\"url\":\"https:\/\/nieruchomosci-boks.pl\/premium\/\",\"name\":\"Bok\u015b Nieruchomo\u015bci Premium\",\"description\":\"Biuro nieruchomo\u015bci Premium - sprzeda\u017c nieruchomo\u015bci, wynajem nieruchomo\u015bci, kupno nieruchomo\u015bci, domy, mieszkania, dzia\u0142ki. hale, magazyny, biura.\",\"publisher\":{\"@id\":\"https:\/\/nieruchomosci-boks.pl\/premium\/#organization\"},\"potentialAction\":[{\"@type\":\"SearchAction\",\"target\":{\"@type\":\"EntryPoint\",\"urlTemplate\":\"https:\/\/nieruchomosci-boks.pl\/premium\/?s={search_term_string}\"},\"query-input\":{\"@type\":\"PropertyValueSpecification\",\"valueRequired\":true,\"valueName\":\"search_term_string\"}}],\"inLanguage\":\"pl-PL\"},{\"@type\":\"Organization\",\"@id\":\"https:\/\/nieruchomosci-boks.pl\/premium\/#organization\",\"name\":\"Bok\u015b Nieruchomo\u015bci\",\"url\":\"https:\/\/nieruchomosci-boks.pl\/premium\/\",\"logo\":{\"@type\":\"ImageObject\",\"inLanguage\":\"pl-PL\",\"@id\":\"https:\/\/nieruchomosci-boks.pl\/premium\/#\/schema\/logo\/image\/\",\"url\":\"https:\/\/nieruchomosci-boks.pl\/premium\/wp-content\/uploads-webpc\/uploads\/sites\/2\/2024\/09\/Group-30.svg.webp\",\"contentUrl\":\"https:\/\/nieruchomosci-boks.pl\/premium\/wp-content\/uploads-webpc\/uploads\/sites\/2\/2024\/09\/Group-30.svg.webp\",\"width\":1,\"height\":1,\"caption\":\"Bok\u015b Nieruchomo\u015bci\"},\"image\":{\"@id\":\"https:\/\/nieruchomosci-boks.pl\/premium\/#\/schema\/logo\/image\/\"},\"sameAs\":[\"https:\/\/www.facebook.com\/profile.php?id=100063715336999\"]}]}<\/script>\n<!-- \/ Yoast SEO plugin. -->","yoast_head_json":{"title":"Polityka cookies - Bok\u015b Nieruchomo\u015bci Premium","robots":{"index":"index","follow":"follow","max-snippet":"max-snippet:-1","max-image-preview":"max-image-preview:large","max-video-preview":"max-video-preview:-1"},"canonical":"https:\/\/nieruchomosci-boks.pl\/premium\/polityka-cookies\/","og_locale":"pl_PL","og_type":"article","og_title":"Polityka cookies - Bok\u015b Nieruchomo\u015bci Premium","og_description":"\u00a7 1 Pliki cookies Strona korzysta z plik\u00f3w cookies. Pliki cookies (tzw. \u201eciasteczka\u201d) stanowi\u0105 dane informatyczne (w szczeg\u00f3lno\u015bci pliki tekstowe), kt\u00f3re przechowywane s\u0105 w urz\u0105dzeniu ko\u0144cowym U\u017cytkownika (przegl\u0105darce) i przeznaczone s\u0105 do korzystania ze stron internetowych. Cookies zazwyczaj zawieraj\u0105 nazw\u0119 strony internetowej, z kt\u00f3rej pochodz\u0105, czas przechowywania ich na urz\u0105dzeniu ko\u0144cowym oraz unikalny numer. \u00a7 [&hellip;]","og_url":"https:\/\/nieruchomosci-boks.pl\/premium\/polityka-cookies\/","og_site_name":"Bok\u015b Nieruchomo\u015bci Premium","article_publisher":"https:\/\/www.facebook.com\/profile.php?id=100063715336999","article_modified_time":"2024-10-29T09:47:48+00:00","og_image":[{"width":1024,"height":576,"url":"https:\/\/nieruchomosci-boks.pl\/premium\/wp-content\/uploads-webpc\/uploads\/sites\/2\/2024\/11\/466037807_1076336834500151_408388554571835424_n.png.webp","type":"image\/png"}],"twitter_card":"summary_large_image","twitter_misc":{"Szacowany czas czytania":"1 minuta"},"schema":{"@context":"https:\/\/schema.org","@graph":[{"@type":"WebPage","@id":"https:\/\/nieruchomosci-boks.pl\/premium\/polityka-cookies\/","url":"https:\/\/nieruchomosci-boks.pl\/premium\/polityka-cookies\/","name":"Polityka cookies - Bok\u015b Nieruchomo\u015bci Premium","isPartOf":{"@id":"https:\/\/nieruchomosci-boks.pl\/premium\/#website"},"datePublished":"2024-10-28T18:54:51+00:00","dateModified":"2024-10-29T09:47:48+00:00","breadcrumb":{"@id":"https:\/\/nieruchomosci-boks.pl\/premium\/polityka-cookies\/#breadcrumb"},"inLanguage":"pl-PL","potentialAction":[{"@type":"ReadAction","target":["https:\/\/nieruchomosci-boks.pl\/premium\/polityka-cookies\/"]}]},{"@type":"BreadcrumbList","@id":"https:\/\/nieruchomosci-boks.pl\/premium\/polityka-cookies\/#breadcrumb","itemListElement":[{"@type":"ListItem","position":1,"name":"Strona g\u0142\u00f3wna","item":"https:\/\/nieruchomosci-boks.pl\/premium\/"},{"@type":"ListItem","position":2,"name":"Polityka cookies"}]},{"@type":"WebSite","@id":"https:\/\/nieruchomosci-boks.pl\/premium\/#website","url":"https:\/\/nieruchomosci-boks.pl\/premium\/","name":"Bok\u015b Nieruchomo\u015bci Premium","description":"Biuro nieruchomo\u015bci Premium - sprzeda\u017c nieruchomo\u015bci, wynajem nieruchomo\u015bci, kupno nieruchomo\u015bci, domy, mieszkania, dzia\u0142ki. hale, magazyny, biura.","publisher":{"@id":"https:\/\/nieruchomosci-boks.pl\/premium\/#organization"},"potentialAction":[{"@type":"SearchAction","target":{"@type":"EntryPoint","urlTemplate":"https:\/\/nieruchomosci-boks.pl\/premium\/?s={search_term_string}"},"query-input":{"@type":"PropertyValueSpecification","valueRequired":true,"valueName":"search_term_string"}}],"inLanguage":"pl-PL"},{"@type":"Organization","@id":"https:\/\/nieruchomosci-boks.pl\/premium\/#organization","name":"Bok\u015b Nieruchomo\u015bci","url":"https:\/\/nieruchomosci-boks.pl\/premium\/","logo":{"@type":"ImageObject","inLanguage":"pl-PL","@id":"https:\/\/nieruchomosci-boks.pl\/premium\/#\/schema\/logo\/image\/","url":"https:\/\/nieruchomosci-boks.pl\/premium\/wp-content\/uploads-webpc\/uploads\/sites\/2\/2024\/09\/Group-30.svg.webp","contentUrl":"https:\/\/nieruchomosci-boks.pl\/premium\/wp-content\/uploads-webpc\/uploads\/sites\/2\/2024\/09\/Group-30.svg.webp","width":1,"height":1,"caption":"Bok\u015b Nieruchomo\u015bci"},"image":{"@id":"https:\/\/nieruchomosci-boks.pl\/premium\/#\/schema\/logo\/image\/"},"sameAs":["https:\/\/www.facebook.com\/profile.php?id=100063715336999"]}]}},"_links":{"self":[{"href":"https:\/\/nieruchomosci-boks.pl\/premium\/wp-json\/wp\/v2\/pages\/471","targetHints":{"allow":["GET"]}}],"collection":[{"href":"https:\/\/nieruchomosci-boks.pl\/premium\/wp-json\/wp\/v2\/pages"}],"about":[{"href":"https:\/\/nieruchomosci-boks.pl\/premium\/wp-json\/wp\/v2\/types\/page"}],"author":[{"embeddable":true,"href":"https:\/\/nieruchomosci-boks.pl\/premium\/wp-json\/wp\/v2\/users\/1"}],"replies":[{"embeddable":true,"href":"https:\/\/nieruchomosci-boks.pl\/premium\/wp-json\/wp\/v2\/comments?post=471"}],"version-history":[{"count":2,"href":"https:\/\/nieruchomosci-boks.pl\/premium\/wp-json\/wp\/v2\/pages\/471\/revisions"}],"predecessor-version":[{"id":623,"href":"https:\/\/nieruchomosci-boks.pl\/premium\/wp-json\/wp\/v2\/pages\/471\/revisions\/623"}],"wp:attachment":[{"href":"https:\/\/nieruchomosci-boks.pl\/premium\/wp-json\/wp\/v2\/media?parent=471"}],"curies":[{"name":"wp","href":"https:\/\/api.w.org\/{rel}","templated":true}]}}